{"id":7872,"date":"2022-10-11T06:37:12","date_gmt":"2022-10-11T06:37:12","guid":{"rendered":"https:\/\/cc.eurohpc.pl\/?page_id=7872"},"modified":"2023-03-10T10:28:16","modified_gmt":"2023-03-10T10:28:16","slug":"ai-bigdata","status":"publish","type":"page","link":"https:\/\/cc.eurohpc.pl\/index.php\/ai-bigdata\/","title":{"rendered":"AI\/BigData"},"content":{"rendered":"\t\t<div data-elementor-type=\"wp-page\" data-elementor-id=\"7872\" class=\"elementor elementor-7872\" data-elementor-post-type=\"page\">\n\t\t\t\t\t\t<section class=\"elementor-section elementor-top-section elementor-element elementor-element-d077bbd elementor-section-boxed elementor-section-height-default elementor-section-height-default\" data-id=\"d077bbd\" data-element_type=\"section\" data-e-type=\"section\">\n\t\t\t\t\t\t<div class=\"elementor-container elementor-column-gap-default\">\n\t\t\t\t\t<div class=\"elementor-column elementor-col-100 elementor-top-column elementor-element elementor-element-abd07ef\" data-id=\"abd07ef\" data-element_type=\"column\" data-e-type=\"column\">\n\t\t\t<div class=\"elementor-widget-wrap elementor-element-populated\">\n\t\t\t\t\t\t<div class=\"elementor-element elementor-element-3cf8433 elementor-widget elementor-widget-heading\" data-id=\"3cf8433\" data-element_type=\"widget\" data-e-type=\"widget\" data-widget_type=\"heading.default\">\n\t\t\t\t\t<h2 class=\"elementor-heading-title elementor-size-default\">Nowy cykl seminari\u00f3w o tematyce AI\/Big Data. Zapraszamy<\/h2>\t\t\t\t<\/div>\n\t\t\t\t\t<\/div>\n\t\t<\/div>\n\t\t\t\t\t<\/div>\n\t\t<\/section>\n\t\t\t\t<section class=\"elementor-section elementor-top-section elementor-element elementor-element-649548e elementor-section-boxed elementor-section-height-default elementor-section-height-default\" data-id=\"649548e\" data-element_type=\"section\" data-e-type=\"section\">\n\t\t\t\t\t\t<div class=\"elementor-container elementor-column-gap-default\">\n\t\t\t\t\t<div class=\"elementor-column elementor-col-66 elementor-top-column elementor-element elementor-element-d2b9e91\" data-id=\"d2b9e91\" data-element_type=\"column\" data-e-type=\"column\">\n\t\t\t<div class=\"elementor-widget-wrap elementor-element-populated\">\n\t\t\t\t\t\t<div class=\"elementor-element elementor-element-c356665 elementor-widget elementor-widget-text-editor\" data-id=\"c356665\" data-element_type=\"widget\" data-e-type=\"widget\" data-widget_type=\"text-editor.default\">\n\t\t\t\t\t\t\t\t\t<p>Zapraszamy na nowy cykl seminari\u00f3w o tematyce zwi\u0105zanej ze sztuczn\u0105 inteligencj\u0105 i du\u017cymi zbiorami danych. Startujemy ju\u017c <strong>w pi\u0105tek, 14 pa\u017adziernika 2022 r. o godzinie 10.00.<\/strong><\/p><p>Pierwsze spotkanie pt. <strong>\u201eUczenie maszynowe w analizie danych biomedycznych (EKG i obraz\u00f3w mikroskopowych)\u201d<\/strong> poprowadzi <strong>dr Jakub Zieli\u0144ski<\/strong> z <a href=\"https:\/\/icm.edu.pl\/\" target=\"_blank\" rel=\"noopener\">Interdyscyplinarnego Centrum Modelowania Matematycznego i Komputerowego UW<\/a>. W prezentacji om\u00f3wione zostan\u0105 najwa\u017cniejsze obecnie zagadnienia nienadzorowanego uczenia maszynowego:<br \/>&#8211; redukcja wymiarowo\u015bci,<br \/>&#8211; separacja na\u0142o\u017conych sygna\u0142\u00f3w,<br \/>&#8211; klasteryzacja.<\/p>\t\t\t\t\t\t\t\t<\/div>\n\t\t\t\t\t<\/div>\n\t\t<\/div>\n\t\t\t\t<div class=\"elementor-column elementor-col-33 elementor-top-column elementor-element elementor-element-e3244f0\" data-id=\"e3244f0\" data-element_type=\"column\" data-e-type=\"column\">\n\t\t\t<div class=\"elementor-widget-wrap elementor-element-populated\">\n\t\t\t\t\t\t<div class=\"elementor-element elementor-element-34adf8d elementor-widget elementor-widget-image\" data-id=\"34adf8d\" data-element_type=\"widget\" data-e-type=\"widget\" data-widget_type=\"image.default\">\n\t\t\t\t\t\t\t\t\t\t\t\t\t\t\t<img fetchpriority=\"high\" decoding=\"async\" width=\"940\" height=\"788\" src=\"https:\/\/cc.eurohpc.pl\/wp-content\/uploads\/2022\/10\/seminarium-ICM-NCBJ-Fb.png\" class=\"attachment-large size-large wp-image-7887\" alt=\"\" srcset=\"https:\/\/cc.eurohpc.pl\/wp-content\/uploads\/2022\/10\/seminarium-ICM-NCBJ-Fb.png 940w, https:\/\/cc.eurohpc.pl\/wp-content\/uploads\/2022\/10\/seminarium-ICM-NCBJ-Fb-300x251.png 300w, https:\/\/cc.eurohpc.pl\/wp-content\/uploads\/2022\/10\/seminarium-ICM-NCBJ-Fb-768x644.png 768w\" sizes=\"(max-width: 940px) 100vw, 940px\" \/>\t\t\t\t\t\t\t\t\t\t\t\t\t\t\t<\/div>\n\t\t\t\t\t<\/div>\n\t\t<\/div>\n\t\t\t\t\t<\/div>\n\t\t<\/section>\n\t\t\t\t<section class=\"elementor-section elementor-top-section elementor-element elementor-element-c085f7b elementor-section-boxed elementor-section-height-default elementor-section-height-default\" data-id=\"c085f7b\" data-element_type=\"section\" data-e-type=\"section\">\n\t\t\t\t\t\t<div class=\"elementor-container elementor-column-gap-default\">\n\t\t\t\t\t<div class=\"elementor-column elementor-col-100 elementor-top-column elementor-element elementor-element-5491635\" data-id=\"5491635\" data-element_type=\"column\" data-e-type=\"column\">\n\t\t\t<div class=\"elementor-widget-wrap elementor-element-populated\">\n\t\t\t\t\t\t<div class=\"elementor-element elementor-element-d4f5638 elementor-widget elementor-widget-text-editor\" data-id=\"d4f5638\" data-element_type=\"widget\" data-e-type=\"widget\" data-widget_type=\"text-editor.default\">\n\t\t\t\t\t\t\t\t\t<p>Dr Zieli\u0144ski przestawi te\u017c podstawy teoretyczne oraz przyk\u0142ady zastosowa\u0144 uczenia maszynowego w medycynie i biologii. Us\u0142yszymy m.in. o takich zagadnieniach, jak:<br \/>&#8211; analiza obraz\u00f3w mikroskopowych<br \/>&#8211; klasyfikacja wokalizacji szczur\u00f3w,<br \/>&#8211; analiza sygna\u0142u EKG ludzkiego p\u0142odu (separacja sygna\u0142\u00f3w: matki, p\u0142odu i szumu).<\/p><p>Spotkanie odb\u0119dzie si\u0119 online. Link do seminarium: <br \/><a href=\"https:\/\/www.gotomeet.me\/NCBJmeetings\/eurocc\" target=\"_blank\" rel=\"noopener\">https:\/\/www.gotomeet.me\/NCBJmeetings\/eurocc<\/a><br \/><br \/><\/p>\t\t\t\t\t\t\t\t<\/div>\n\t\t\t\t\t<\/div>\n\t\t<\/div>\n\t\t\t\t\t<\/div>\n\t\t<\/section>\n\t\t\t\t<\/div>\n\t\t","protected":false},"excerpt":{"rendered":"<p>Nowy cykl seminari\u00f3w o tematyce AI\/Big Data. Zapraszamy Zapraszamy na nowy cykl seminari\u00f3w o tematyce zwi\u0105zanej ze sztuczn\u0105 inteligencj\u0105 i du\u017cymi zbiorami danych. Startujemy ju\u017c w pi\u0105tek, 14 pa\u017adziernika 2022 r. o godzinie 10.00. Pierwsze spotkanie pt. \u201eUczenie maszynowe w analizie danych biomedycznych (EKG i obraz\u00f3w mikroskopowych)\u201d poprowadzi dr Jakub Zieli\u0144ski z Interdyscyplinarnego Centrum Modelowania&hellip;&nbsp;<a href=\"https:\/\/cc.eurohpc.pl\/index.php\/ai-bigdata\/\" rel=\"bookmark\">Dowiedz si\u0119 wi\u0119cej &raquo;<span class=\"screen-reader-text\">AI\/BigData<\/span><\/a><\/p>\n","protected":false},"author":5,"featured_media":0,"parent":0,"menu_order":0,"comment_status":"closed","ping_status":"closed","template":"page-templates\/template-pagebuilder-full-width.php","meta":{"_monsterinsights_skip_tracking":false,"_monsterinsights_sitenote_active":false,"_monsterinsights_sitenote_note":"","_monsterinsights_sitenote_category":0,"neve_meta_sidebar":"","neve_meta_container":"","neve_meta_enable_content_width":"","neve_meta_content_width":0,"neve_meta_title_alignment":"","neve_meta_author_avatar":"","neve_post_elements_order":"","neve_meta_disable_header":"","neve_meta_disable_footer":"","neve_meta_disable_title":"","footnotes":""},"class_list":["post-7872","page","type-page","status-publish","hentry"],"_links":{"self":[{"href":"https:\/\/cc.eurohpc.pl\/index.php\/wp-json\/wp\/v2\/pages\/7872","targetHints":{"allow":["GET"]}}],"collection":[{"href":"https:\/\/cc.eurohpc.pl\/index.php\/wp-json\/wp\/v2\/pages"}],"about":[{"href":"https:\/\/cc.eurohpc.pl\/index.php\/wp-json\/wp\/v2\/types\/page"}],"author":[{"embeddable":true,"href":"https:\/\/cc.eurohpc.pl\/index.php\/wp-json\/wp\/v2\/users\/5"}],"replies":[{"embeddable":true,"href":"https:\/\/cc.eurohpc.pl\/index.php\/wp-json\/wp\/v2\/comments?post=7872"}],"version-history":[{"count":10,"href":"https:\/\/cc.eurohpc.pl\/index.php\/wp-json\/wp\/v2\/pages\/7872\/revisions"}],"predecessor-version":[{"id":7893,"href":"https:\/\/cc.eurohpc.pl\/index.php\/wp-json\/wp\/v2\/pages\/7872\/revisions\/7893"}],"wp:attachment":[{"href":"https:\/\/cc.eurohpc.pl\/index.php\/wp-json\/wp\/v2\/media?parent=7872"}],"curies":[{"name":"wp","href":"https:\/\/api.w.org\/{rel}","templated":true}]}}