{"id":7858,"date":"2022-10-11T06:21:33","date_gmt":"2022-10-11T06:21:33","guid":{"rendered":"https:\/\/cc.eurohpc.pl\/?page_id=7858"},"modified":"2023-03-10T10:28:30","modified_gmt":"2023-03-10T10:28:30","slug":"komputery-kwantowe","status":"publish","type":"page","link":"https:\/\/cc.eurohpc.pl\/index.php\/komputery-kwantowe\/","title":{"rendered":"Komputery kwantowe"},"content":{"rendered":"\t\t<div data-elementor-type=\"wp-page\" data-elementor-id=\"7858\" class=\"elementor elementor-7858\" data-elementor-post-type=\"page\">\n\t\t\t\t\t\t<section class=\"elementor-section elementor-top-section elementor-element elementor-element-cf16936 elementor-section-boxed elementor-section-height-default elementor-section-height-default\" data-id=\"cf16936\" data-element_type=\"section\" data-e-type=\"section\">\n\t\t\t\t\t\t<div class=\"elementor-container elementor-column-gap-default\">\n\t\t\t\t\t<div class=\"elementor-column elementor-col-100 elementor-top-column elementor-element elementor-element-addabbc\" data-id=\"addabbc\" data-element_type=\"column\" data-e-type=\"column\">\n\t\t\t<div class=\"elementor-widget-wrap elementor-element-populated\">\n\t\t\t\t\t\t<div class=\"elementor-element elementor-element-0d66f9b elementor-widget elementor-widget-heading\" data-id=\"0d66f9b\" data-element_type=\"widget\" data-e-type=\"widget\" data-widget_type=\"heading.default\">\n\t\t\t\t\t<h2 class=\"elementor-heading-title elementor-size-default\">Komputery kwantowe dla Polski<\/h2>\t\t\t\t<\/div>\n\t\t\t\t\t<\/div>\n\t\t<\/div>\n\t\t\t\t\t<\/div>\n\t\t<\/section>\n\t\t\t\t<section class=\"elementor-section elementor-top-section elementor-element elementor-element-0bf12f6 elementor-section-boxed elementor-section-height-default elementor-section-height-default\" data-id=\"0bf12f6\" data-element_type=\"section\" data-e-type=\"section\">\n\t\t\t\t\t\t<div class=\"elementor-container elementor-column-gap-default\">\n\t\t\t\t\t<div class=\"elementor-column elementor-col-66 elementor-top-column elementor-element elementor-element-955ca67\" data-id=\"955ca67\" data-element_type=\"column\" data-e-type=\"column\">\n\t\t\t<div class=\"elementor-widget-wrap elementor-element-populated\">\n\t\t\t\t\t\t<div class=\"elementor-element elementor-element-1597158 elementor-widget elementor-widget-text-editor\" data-id=\"1597158\" data-element_type=\"widget\" data-e-type=\"widget\" data-widget_type=\"text-editor.default\">\n\t\t\t\t\t\t\t\t\t<p><strong>W Poznaniu b\u0119dzie uruchomiony komputer kwantowy. Ale to nie koniec \u2013\u00a0w ramach konsorcjum LUMI-Q naukowcy z Krakowa bior\u0105 udzia\u0142 w budowie kolejnej kwantowej supermaszyny. B\u0119dzie ona dzia\u0142a\u0107 w czeskiej Ostrawie.\u00a0<\/strong><\/p><p>W Europie powstanie sze\u015b\u0107 komputer\u00f3w kwantowych, tworzonych w ramach European High Performance Computing Joint Undertaking \u2013 EuroHPC JU, czyli Europejskiego Wsp\u00f3lnego Przedsi\u0119wzi\u0119cia w dziedzinie Oblicze\u0144 Wielkiej Skali. W rozstrzygni\u0119tym kilka dni temu konkursie wy\u0142onione zosta\u0142y dwa konsorcja, kt\u00f3rych cz\u0142onkami s\u0105 polskie centra obliczeniowe, maj\u0105ce zbudowa\u0107 komputery kwantowe w sze\u015bciu krajach, w tym w Polsce. \u00a0<\/p>\t\t\t\t\t\t\t\t<\/div>\n\t\t\t\t\t<\/div>\n\t\t<\/div>\n\t\t\t\t<div class=\"elementor-column elementor-col-33 elementor-top-column elementor-element elementor-element-b093b82\" data-id=\"b093b82\" data-element_type=\"column\" data-e-type=\"column\">\n\t\t\t<div class=\"elementor-widget-wrap elementor-element-populated\">\n\t\t\t\t\t\t<div class=\"elementor-element elementor-element-622e8d5 elementor-widget elementor-widget-image\" data-id=\"622e8d5\" data-element_type=\"widget\" data-e-type=\"widget\" data-widget_type=\"image.default\">\n\t\t\t\t\t\t\t\t\t\t\t\t\t\t\t<img fetchpriority=\"high\" decoding=\"async\" width=\"1024\" height=\"576\" src=\"https:\/\/cc.eurohpc.pl\/wp-content\/uploads\/2022\/10\/quantum-flags-alphabetical.jpg\" class=\"attachment-large size-large wp-image-7855\" alt=\"\" srcset=\"https:\/\/cc.eurohpc.pl\/wp-content\/uploads\/2022\/10\/quantum-flags-alphabetical.jpg 1024w, https:\/\/cc.eurohpc.pl\/wp-content\/uploads\/2022\/10\/quantum-flags-alphabetical-300x169.jpg 300w, https:\/\/cc.eurohpc.pl\/wp-content\/uploads\/2022\/10\/quantum-flags-alphabetical-768x432.jpg 768w\" sizes=\"(max-width: 1024px) 100vw, 1024px\" \/>\t\t\t\t\t\t\t\t\t\t\t\t\t\t\t<\/div>\n\t\t\t\t\t<\/div>\n\t\t<\/div>\n\t\t\t\t\t<\/div>\n\t\t<\/section>\n\t\t\t\t<section class=\"elementor-section elementor-top-section elementor-element elementor-element-10a91bd elementor-section-boxed elementor-section-height-default elementor-section-height-default\" data-id=\"10a91bd\" data-element_type=\"section\" data-e-type=\"section\">\n\t\t\t\t\t\t<div class=\"elementor-container elementor-column-gap-default\">\n\t\t\t\t\t<div class=\"elementor-column elementor-col-100 elementor-top-column elementor-element elementor-element-5476b18\" data-id=\"5476b18\" data-element_type=\"column\" data-e-type=\"column\">\n\t\t\t<div class=\"elementor-widget-wrap elementor-element-populated\">\n\t\t\t\t\t\t<div class=\"elementor-element elementor-element-d340d1b elementor-widget elementor-widget-text-editor\" data-id=\"d340d1b\" data-element_type=\"widget\" data-e-type=\"widget\" data-widget_type=\"text-editor.default\">\n\t\t\t\t\t\t\t\t\t<p>W ramach Narodowego Centrum Kompetencji HPC u\u017cytkownicy b\u0119d\u0105 mie\u0107 dost\u0119p ju\u017c nie tylko do klasycznych superkomputer\u00f3w, ale tak\u017ce do supermaszyn kwantowych. Pierwszy polski komputer kwantowy b\u0119dzie zainstalowany w <a href=\"https:\/\/www.pcss.pl\/\" target=\"_blank\" rel=\"noopener\">Pozna\u0144skim Centrum Superkomputerowo-Sieciowym<\/a>. System powstaje w ramach konsorcjum, kt\u00f3re opr\u00f3cz PCSS tworz\u0105 te\u017c Centrum Fizyki Teoretycznej PAN oraz firma Creotech Instruments S.A.<\/p><p>Komputer z Poznania b\u0119dzie cz\u0119\u015bci\u0105 europejskiej architektury kwantowej, kt\u00f3ra ma s\u0142u\u017cy\u0107 przede wszystkim do cel\u00f3w badawczo-rozwojowych. B\u0119d\u0105 z niej korzysta\u0107 zar\u00f3wno u\u017cytkownicy ze \u015brodowiska naukowego, jak i przemys\u0142owego oraz sektora publicznego.<\/p><p>Pozna\u0144ska maszyna nie jest jedyn\u0105, kt\u00f3ra pos\u0142u\u017cy polskim naukowcom i przedsi\u0119biorcom. W ramach projektu EuroHPC inne konsorcjum, w sk\u0105d kt\u00f3rego wchodz\u0105 <a href=\"https:\/\/www.cyfronet.pl\/\" target=\"_blank\" rel=\"noopener\">Akademickie Centrum Komputerowe Cyfronet AGH<\/a> oraz Centrum Astronomiczne im. Miko\u0142aja Kopernika PAN, buduje kolejny <a href=\"https:\/\/www.it4i.cz\/en\/about\/infoservice\/press-releases\/czechia-will-host-the-european-lumi-q-quantum-computer%20\" target=\"_blank\" rel=\"noopener\">komputer kwantowy LUMI-Q<\/a>. B\u0119dzie on zainstalowany w Czechach.<\/p><p>Obliczenia kwantowe daj\u0105 dot\u0105d niedost\u0119pne mo\u017cliwo\u015bci rozwi\u0105zywania wielu skomplikowanych problem\u00f3w naukowych m.in. w dziedzinie fizyki, chemii, medycyny, klimatologii czy komunikacji. Dzi\u0119ki komputerom kwantowym mo\u017cna b\u0119dzie przeprowadza\u0107 nowe eksperymenty naukowe i dzi\u0119ki temu odkrywa\u0107 kolejne dotychczas niezbadane tajemnice wszech\u015bwiata. Technologia kwantowa otwiera te\u017c ogromne mo\u017cliwo\u015bci w zakresie innowacji przemys\u0142owych, np. W zakresie produkcji lek\u00f3w, urz\u0105dze\u0144 motoryzacyjnych czy nowych materia\u0142\u00f3w. Ma wi\u0119c te\u017c ogromne znaczenie dla gospodarki.<\/p><p>Technologie kwantowe b\u0119d\u0105 po\u0142\u0105czone z klasycznymi superkomputerami, dzia\u0142aj\u0105cymi w centrach obliczeniowych.<\/p><p>Wi\u0119cej na ten temat przeczytasz <a href=\"https:\/\/www.pcss.pl\/w-polsce-uruchomiony-zostanie-jeden-z-pierwszych-komputerow-kwantowych-produkowanych-w-europie\/\" target=\"_blank\" rel=\"noopener\"><span style=\"color: #aa8523;\"><strong>tutaj<\/strong><\/span><\/a> i <strong><span style=\"color: #aa8523;\"><a style=\"color: #aa8523;\" href=\"https:\/\/eurohpc-ju.europa.eu\/selection-six-sites-host-first-european-quantum-computers-2022-10-04_en\" target=\"_blank\" rel=\"noopener\">tutaj<\/a><\/span><\/strong>.<\/p>\t\t\t\t\t\t\t\t<\/div>\n\t\t\t\t\t<\/div>\n\t\t<\/div>\n\t\t\t\t\t<\/div>\n\t\t<\/section>\n\t\t\t\t<\/div>\n\t\t","protected":false},"excerpt":{"rendered":"<p>Komputery kwantowe dla Polski W Poznaniu b\u0119dzie uruchomiony komputer kwantowy. Ale to nie koniec \u2013\u00a0w ramach konsorcjum LUMI-Q naukowcy z Krakowa bior\u0105 udzia\u0142 w budowie kolejnej kwantowej supermaszyny. B\u0119dzie ona dzia\u0142a\u0107 w czeskiej Ostrawie.\u00a0 W Europie powstanie sze\u015b\u0107 komputer\u00f3w kwantowych, tworzonych w ramach European High Performance Computing Joint Undertaking \u2013 EuroHPC JU, czyli Europejskiego Wsp\u00f3lnego&hellip;&nbsp;<a href=\"https:\/\/cc.eurohpc.pl\/index.php\/komputery-kwantowe\/\" rel=\"bookmark\">Dowiedz si\u0119 wi\u0119cej &raquo;<span class=\"screen-reader-text\">Komputery kwantowe<\/span><\/a><\/p>\n","protected":false},"author":5,"featured_media":0,"parent":0,"menu_order":0,"comment_status":"closed","ping_status":"closed","template":"page-templates\/template-pagebuilder-full-width.php","meta":{"_monsterinsights_skip_tracking":false,"_monsterinsights_sitenote_active":false,"_monsterinsights_sitenote_note":"","_monsterinsights_sitenote_category":0,"neve_meta_sidebar":"","neve_meta_container":"","neve_meta_enable_content_width":"","neve_meta_content_width":0,"neve_meta_title_alignment":"","neve_meta_author_avatar":"","neve_post_elements_order":"","neve_meta_disable_header":"","neve_meta_disable_footer":"","neve_meta_disable_title":"","footnotes":""},"class_list":["post-7858","page","type-page","status-publish","hentry"],"_links":{"self":[{"href":"https:\/\/cc.eurohpc.pl\/index.php\/wp-json\/wp\/v2\/pages\/7858","targetHints":{"allow":["GET"]}}],"collection":[{"href":"https:\/\/cc.eurohpc.pl\/index.php\/wp-json\/wp\/v2\/pages"}],"about":[{"href":"https:\/\/cc.eurohpc.pl\/index.php\/wp-json\/wp\/v2\/types\/page"}],"author":[{"embeddable":true,"href":"https:\/\/cc.eurohpc.pl\/index.php\/wp-json\/wp\/v2\/users\/5"}],"replies":[{"embeddable":true,"href":"https:\/\/cc.eurohpc.pl\/index.php\/wp-json\/wp\/v2\/comments?post=7858"}],"version-history":[{"count":7,"href":"https:\/\/cc.eurohpc.pl\/index.php\/wp-json\/wp\/v2\/pages\/7858\/revisions"}],"predecessor-version":[{"id":7865,"href":"https:\/\/cc.eurohpc.pl\/index.php\/wp-json\/wp\/v2\/pages\/7858\/revisions\/7865"}],"wp:attachment":[{"href":"https:\/\/cc.eurohpc.pl\/index.php\/wp-json\/wp\/v2\/media?parent=7858"}],"curies":[{"name":"wp","href":"https:\/\/api.w.org\/{rel}","templated":true}]}}