{"id":5425,"date":"2022-05-19T14:51:39","date_gmt":"2022-05-19T14:51:39","guid":{"rendered":"https:\/\/cc.eurohpc.pl\/?page_id=5425"},"modified":"2023-03-10T10:28:17","modified_gmt":"2023-03-10T10:28:17","slug":"eocoe-2","status":"publish","type":"page","link":"https:\/\/cc.eurohpc.pl\/index.php\/eocoe-2\/","title":{"rendered":"EoCoE"},"content":{"rendered":"\t\t<div data-elementor-type=\"wp-page\" data-elementor-id=\"5425\" class=\"elementor elementor-5425\" data-elementor-post-type=\"page\">\n\t\t\t\t\t\t<section class=\"elementor-section elementor-top-section elementor-element elementor-element-0250347 elementor-section-boxed elementor-section-height-default elementor-section-height-default\" data-id=\"0250347\" data-element_type=\"section\" data-e-type=\"section\">\n\t\t\t\t\t\t<div class=\"elementor-container elementor-column-gap-default\">\n\t\t\t\t\t<div class=\"elementor-column elementor-col-100 elementor-top-column elementor-element elementor-element-974d8e6\" data-id=\"974d8e6\" data-element_type=\"column\" data-e-type=\"column\">\n\t\t\t<div class=\"elementor-widget-wrap elementor-element-populated\">\n\t\t\t\t\t\t<div class=\"elementor-element elementor-element-49388bb elementor-widget-divider--view-line elementor-widget elementor-widget-divider\" data-id=\"49388bb\" data-element_type=\"widget\" data-e-type=\"widget\" data-widget_type=\"divider.default\">\n\t\t\t\t\t\t\t<div class=\"elementor-divider\">\n\t\t\t<span class=\"elementor-divider-separator\">\n\t\t\t\t\t\t<\/span>\n\t\t<\/div>\n\t\t\t\t\t\t<\/div>\n\t\t\t\t\t<\/div>\n\t\t<\/div>\n\t\t\t\t\t<\/div>\n\t\t<\/section>\n\t\t\t\t<section class=\"elementor-section elementor-top-section elementor-element elementor-element-8e6853f elementor-section-boxed elementor-section-height-default elementor-section-height-default\" data-id=\"8e6853f\" data-element_type=\"section\" data-e-type=\"section\">\n\t\t\t\t\t\t<div class=\"elementor-container elementor-column-gap-default\">\n\t\t\t\t\t<div class=\"elementor-column elementor-col-50 elementor-top-column elementor-element elementor-element-656c868\" data-id=\"656c868\" data-element_type=\"column\" data-e-type=\"column\">\n\t\t\t<div class=\"elementor-widget-wrap elementor-element-populated\">\n\t\t\t\t\t\t<div class=\"elementor-element elementor-element-cd14701 elementor-view-default elementor-widget elementor-widget-icon\" data-id=\"cd14701\" data-element_type=\"widget\" data-e-type=\"widget\" data-widget_type=\"icon.default\">\n\t\t\t\t\t\t\t<div class=\"elementor-icon-wrapper\">\n\t\t\t<div class=\"elementor-icon\">\n\t\t\t<svg xmlns=\"http:\/\/www.w3.org\/2000\/svg\" xmlns:xlink=\"http:\/\/www.w3.org\/1999\/xlink\" id=\"Warstwa_1\" x=\"0px\" y=\"0px\" viewBox=\"0 0 33.4 33.4\" style=\"enable-background:new 0 0 33.4 33.4;\" xml:space=\"preserve\"><style type=\"text\/css\">\t.st0{fill:#AA8523;}<\/style><g>\t<path class=\"st0\" d=\"M33.37,16.69c0-2.91-0.76-5.79-2.22-8.3c-0.19-0.32-0.59-0.43-0.91-0.24C29.92,8.33,29.81,8.73,30,9.05  c1.33,2.31,2.03,4.96,2.03,7.64c0,2.22-0.48,4.33-1.34,6.24c0-0.39,0.01-0.78,0-1.17c-0.01-0.53-0.32-0.97-0.8-1.26  c-0.28-0.17-0.38-0.37-0.43-0.67c-0.41-2.18-2.43-3.78-4.79-3.8c-1.68-0.02-3.36-0.02-5.04,0c-2.43,0.02-4.42,1.64-4.84,3.87  c-0.04,0.2-0.19,0.41-0.36,0.54c-0.58,0.43-0.88,0.96-0.88,1.64c0,0.44,0,0.88,0,1.32v2.16h0.93v-0.56c0-0.96-0.01-1.93,0.01-2.89  C14.49,21.4,14.92,21,15.69,21c4.29-0.01,8.57-0.01,12.86,0c0.8,0,1.22,0.4,1.23,1.16c0.01,0.83,0.01,1.65,0.01,2.48  c-2.69,4.43-7.55,7.41-13.11,7.41c-8.46,0-15.34-6.88-15.34-15.34c0-8.46,6.88-15.34,15.34-15.34c3.56,0,7.04,1.26,9.78,3.52  c0.29,0.23,0.71,0.2,0.94-0.09c0.23-0.29,0.2-0.71-0.09-0.94c-2.99-2.47-6.75-3.82-10.63-3.82C7.5,0.02,0.02,7.51,0.02,16.69  c0,9.19,7.48,16.67,16.67,16.67S33.36,25.88,33.37,16.69 M4.37,8.7c0.01,1.89,0.04,3.78,0.04,5.68c0,1.81-0.03,3.62-0.04,5.43  c0,0.66,0.08,0.73,0.79,0.73c1.87,0,3.74,0,5.62,0h1.08c-0.03,0.32-0.05,0.57-0.07,0.86c-0.38,0-0.71-0.04-1.03,0.02  c-0.14,0.02-0.37,0.24-0.35,0.34c0.03,0.18,0.2,0.48,0.33,0.49c0.64,0.05,1.28,0.02,1.95,0.02c0.03-0.76,0.16-1.48,0.74-1.97  c0.65-0.56,0.55-1.36,0.97-2.06H5.33V8.76h0.7c3.55,0,7.1-0.02,10.65,0.02c0.7,0.01,1.12-0.18,1.34-0.88h-0.6  c-4.06,0-8.12,0-12.18,0C4.43,7.9,4.37,7.95,4.37,8.7 M12.68,23.09H5.19c0.03,0.3,0.05,0.55,0.07,0.8h7.42V23.09z M16.09,13.18h-9  v0.59c0.9,0,1.75-0.01,2.6,0c1.96,0.01,3.91,0.04,5.87,0.05C16.19,13.83,16.19,13.82,16.09,13.18 M15.58,11.51  c0.17,0,0.34-0.02,0.53-0.03v-0.67h-0.69c-2.39,0-4.78,0-7.18,0c-0.3,0-0.6-0.01-0.88,0.05c-0.13,0.03-0.27,0.2-0.3,0.32  c-0.02,0.07,0.17,0.24,0.3,0.27c0.21,0.06,0.45,0.05,0.68,0.05C10.56,11.51,13.07,11.51,15.58,11.51 M13.5,15.48H7.07v0.6h6.43  V15.48z M17.92,10.92c0,2.19,1.84,3.92,4.19,3.94c2.33,0.02,4.23-1.72,4.24-3.89C26.36,8.78,24.5,7.01,22.18,7  C19.81,6.99,17.92,8.72,17.92,10.92\"><\/path><\/g><\/svg>\t\t\t<\/div>\n\t\t<\/div>\n\t\t\t\t\t\t<\/div>\n\t\t\t\t\t<\/div>\n\t\t<\/div>\n\t\t\t\t<div class=\"elementor-column elementor-col-50 elementor-top-column elementor-element elementor-element-7bfab90\" data-id=\"7bfab90\" data-element_type=\"column\" data-e-type=\"column\">\n\t\t\t<div class=\"elementor-widget-wrap elementor-element-populated\">\n\t\t\t\t\t\t<div class=\"elementor-element elementor-element-a766461 elementor-widget elementor-widget-heading\" data-id=\"a766461\" data-element_type=\"widget\" data-e-type=\"widget\" data-widget_type=\"heading.default\">\n\t\t\t\t\t<h2 class=\"elementor-heading-title elementor-size-default\">Szkolenie: School with Energy (EoCoE)<\/h2>\t\t\t\t<\/div>\n\t\t\t\t\t<\/div>\n\t\t<\/div>\n\t\t\t\t\t<\/div>\n\t\t<\/section>\n\t\t\t\t<section class=\"elementor-section elementor-top-section elementor-element elementor-element-017eef4 elementor-section-boxed elementor-section-height-default elementor-section-height-default\" data-id=\"017eef4\" data-element_type=\"section\" data-e-type=\"section\">\n\t\t\t\t\t\t<div class=\"elementor-container elementor-column-gap-default\">\n\t\t\t\t\t<div class=\"elementor-column elementor-col-100 elementor-top-column elementor-element elementor-element-00f1708\" data-id=\"00f1708\" data-element_type=\"column\" data-e-type=\"column\">\n\t\t\t<div class=\"elementor-widget-wrap elementor-element-populated\">\n\t\t\t\t\t\t<div class=\"elementor-element elementor-element-265c904 elementor-widget elementor-widget-text-editor\" data-id=\"265c904\" data-element_type=\"widget\" data-e-type=\"widget\" data-widget_type=\"text-editor.default\">\n\t\t\t\t\t\t\t\t\t<p>Zapraszamy na szkolenie, kt\u00f3re wsp\u00f3\u0142organizuje <a href=\"https:\/\/www.pcss.pl\/\">Pozna\u0144skie Centrum Superkomputerowo-Sieciowe<\/a> w ramach projektu <a href=\"https:\/\/www.eocoe.eu\/\"><strong>EoCoE<\/strong><\/a>. Jest to wydarzenie dla naukowc\u00f3w oraz badaczy ze \u015brodowisk akademickich i przemys\u0142u z ca\u0142ej Europy.<\/p><p>Celem projektu <strong>Energy Oriented Center of Excellence<\/strong> (<a href=\"https:\/\/www.eocoe.eu\/\"><strong>EoCoE<\/strong><\/a>) jest opracowanie i zastosowanie najnowocze\u015bniejszych metod obliczeniowych, kt\u00f3re mog\u0105 by\u0107 wykorzystane zar\u00f3wno do produkcji, jak i przechowywaniu i zarz\u0105dzania czyst\u0105 energi\u0105. Program oferuje m.in. mo\u017cliwo\u015b\u0107 wsp\u00f3\u0142pracy w zakresie nauczania online pod has\u0142em \u201eW kierunku eksaskali dla energii\u201d.<\/p><p>Jako uczestnik szkolenia b\u0119dziesz czerpa\u0107 wiadomo\u015bci od <strong>ekspert\u00f3w HPC oraz specjalist\u00f3w z zakresu zr\u00f3wnowa\u017conych energii<\/strong>. B\u0119dziesz mog\u0142a\/m\u00f3g\u0142 podzieli\u0107 si\u0119 swoim do\u015bwiadczeniem i dowiedzie\u0107 si\u0119 wi\u0119cej o portalu EoCoE oraz o technicznej i przemys\u0142owej stronie projektu. Otrzymasz bezp\u0142atnie wiedz\u0119 i wsparcie od mentor\u00f3w specjalizuj\u0105cych si\u0119 w ka\u017cdym z wyzwa\u0144 projektu.<\/p><p>Na czas sesji praktycznych, dzi\u0119ki wykorzystaniu portalu EoCoE SaaS, b\u0119dziesz mie\u0107 dost\u0119p do wysokowydajnych system\u00f3w obliczeniowych, kt\u00f3re pozwol\u0105 Ci przeprowadzi\u0107 symulacje energetyczne.<\/p><p><strong>EoCoE School: School with Energy (EoCoE)<\/strong> to szkolenie online w j\u0119zyku angielskim, kt\u00f3re odb\u0119dzie si\u0119 w dniach <strong>6\u20138 czerwca 2022 r.<\/strong> Ka\u017cdy uczestnik otrzyma certyfikat EoCoE\/PCSS, a tak\u017ce b\u0119dzie mie\u0107 mo\u017cliwo\u015b\u0107 zdobycia jednej z warto\u015bciowych nagr\u00f3d dla najlepszych uczestnik\u00f3w, mi\u0119dzy innymi 3 000 euro lub wyjazdu na konferencj\u0119 EoCoE w Neapolu.<\/p><p>Wi\u0119cej szczeg\u00f3\u0142\u00f3w oraz link do rejestracji znajduj\u0105 si\u0119 poni\u017cej.<\/p>\t\t\t\t\t\t\t\t<\/div>\n\t\t\t\t\t<\/div>\n\t\t<\/div>\n\t\t\t\t\t<\/div>\n\t\t<\/section>\n\t\t\t\t<section class=\"elementor-section elementor-top-section elementor-element elementor-element-eaf511e elementor-section-boxed elementor-section-height-default elementor-section-height-default\" data-id=\"eaf511e\" data-element_type=\"section\" data-e-type=\"section\">\n\t\t\t\t\t\t<div class=\"elementor-container elementor-column-gap-default\">\n\t\t\t\t\t<div class=\"elementor-column elementor-col-100 elementor-top-column elementor-element elementor-element-b30353f\" data-id=\"b30353f\" data-element_type=\"column\" data-e-type=\"column\">\n\t\t\t<div class=\"elementor-widget-wrap elementor-element-populated\">\n\t\t\t\t\t\t<div class=\"elementor-element elementor-element-f95e4a2 elementor-widget elementor-widget-image\" data-id=\"f95e4a2\" data-element_type=\"widget\" data-e-type=\"widget\" data-widget_type=\"image.default\">\n\t\t\t\t\t\t\t\t\t\t\t\t\t\t\t<img fetchpriority=\"high\" decoding=\"async\" width=\"1024\" height=\"771\" src=\"https:\/\/cc.eurohpc.pl\/wp-content\/uploads\/2022\/05\/EoCoE-1024x771.jpg\" class=\"attachment-large size-large wp-image-5409\" alt=\"\" srcset=\"https:\/\/cc.eurohpc.pl\/wp-content\/uploads\/2022\/05\/EoCoE-1024x771.jpg 1024w, https:\/\/cc.eurohpc.pl\/wp-content\/uploads\/2022\/05\/EoCoE-300x226.jpg 300w, https:\/\/cc.eurohpc.pl\/wp-content\/uploads\/2022\/05\/EoCoE-768x578.jpg 768w, https:\/\/cc.eurohpc.pl\/wp-content\/uploads\/2022\/05\/EoCoE.jpg 1370w\" sizes=\"(max-width: 1024px) 100vw, 1024px\" \/>\t\t\t\t\t\t\t\t\t\t\t\t\t\t\t<\/div>\n\t\t\t\t\t<\/div>\n\t\t<\/div>\n\t\t\t\t\t<\/div>\n\t\t<\/section>\n\t\t\t\t<section class=\"elementor-section elementor-top-section elementor-element elementor-element-8952c15 elementor-section-boxed elementor-section-height-default elementor-section-height-default\" data-id=\"8952c15\" data-element_type=\"section\" data-e-type=\"section\">\n\t\t\t\t\t\t<div class=\"elementor-container elementor-column-gap-default\">\n\t\t\t\t\t<div class=\"elementor-column elementor-col-100 elementor-top-column elementor-element elementor-element-6c83d19\" data-id=\"6c83d19\" data-element_type=\"column\" data-e-type=\"column\">\n\t\t\t<div class=\"elementor-widget-wrap elementor-element-populated\">\n\t\t\t\t\t\t<div class=\"elementor-element elementor-element-7b49886 elementor-widget elementor-widget-text-editor\" data-id=\"7b49886\" data-element_type=\"widget\" data-e-type=\"widget\" data-widget_type=\"text-editor.default\">\n\t\t\t\t\t\t\t\t\t<p>The Energy-Oriented Center of Excellence (EoCoE) organizes <strong>Summer School<\/strong> on June 6-8, which will be hosted remotely. his two-day event will include in-depths training on the flagship EoCoE codes and solvers, which focus on HPC simulations applied to energy domains, are designed and optimized to run on the latest iteration of European pre-exascale machines, and will ultimately be scaled to the upcoming exascale systems. It will allow you to test your mastery of these codes on the EoCoE&nbsp;<strong>Software as a Service Portal, using the computing resources of the Poznan Supercomputing and Networking Center<\/strong>&nbsp;(PSNC).<\/p>\n<p>Our team of brilliant researchers, from several prominent European research centers, will host the training sessions and supervise your work.<\/p>\n<p>A strong participation to the EoCoE school will be rewarded with&nbsp;<strong>several awards<\/strong>, including <strong>3.000 money prize<\/strong>,<strong> books, full expenses for three-day trips to Naples<\/strong>&nbsp;to join our project\u2019s members for our final consortium meeting in Naples at the end of June, for up to six participants.<\/p>\n<p>To evaluate whom this award will go to, you will be asked to describe your goals regarding the EoCoE codes when you register to the school, and our hosts will assess your participation during the sessions.<\/p>\n<p>This school is a unique opportunity for participants to meet with leading researchers and experts, to try their hand at top domain codes, and to develop their network. We hope many of you will join us for this milestone event, which will conclude the second phase of the EoCoE project with a bang!<\/p>\n<p>If you want to join us for this event, please register here:<strong> <a href=\"https:\/\/indico3.conference4me.psnc.pl\/event\/8\/registrations\/1\/\">https:\/\/indico3.conference4me.psnc.pl\/event\/8\/registrations<\/a><\/strong><\/p>\t\t\t\t\t\t\t\t<\/div>\n\t\t\t\t\t<\/div>\n\t\t<\/div>\n\t\t\t\t\t<\/div>\n\t\t<\/section>\n\t\t\t\t<\/div>\n\t\t","protected":false},"excerpt":{"rendered":"<p>Szkolenie: School with Energy (EoCoE) Zapraszamy na szkolenie, kt\u00f3re wsp\u00f3\u0142organizuje Pozna\u0144skie Centrum Superkomputerowo-Sieciowe w ramach projektu EoCoE. Jest to wydarzenie dla naukowc\u00f3w oraz badaczy ze \u015brodowisk akademickich i przemys\u0142u z ca\u0142ej Europy. Celem projektu Energy Oriented Center of Excellence (EoCoE) jest opracowanie i zastosowanie najnowocze\u015bniejszych metod obliczeniowych, kt\u00f3re mog\u0105 by\u0107 wykorzystane zar\u00f3wno do produkcji, jak&hellip;&nbsp;<a href=\"https:\/\/cc.eurohpc.pl\/index.php\/eocoe-2\/\" rel=\"bookmark\">Dowiedz si\u0119 wi\u0119cej &raquo;<span class=\"screen-reader-text\">EoCoE<\/span><\/a><\/p>\n","protected":false},"author":5,"featured_media":0,"parent":0,"menu_order":0,"comment_status":"closed","ping_status":"closed","template":"page-templates\/template-pagebuilder-full-width.php","meta":{"_monsterinsights_skip_tracking":false,"_monsterinsights_sitenote_active":false,"_monsterinsights_sitenote_note":"","_monsterinsights_sitenote_category":0,"neve_meta_sidebar":"","neve_meta_container":"","neve_meta_enable_content_width":"","neve_meta_content_width":0,"neve_meta_title_alignment":"","neve_meta_author_avatar":"","neve_post_elements_order":"","neve_meta_disable_header":"","neve_meta_disable_footer":"","neve_meta_disable_title":"","footnotes":""},"class_list":["post-5425","page","type-page","status-publish","hentry"],"_links":{"self":[{"href":"https:\/\/cc.eurohpc.pl\/index.php\/wp-json\/wp\/v2\/pages\/5425","targetHints":{"allow":["GET"]}}],"collection":[{"href":"https:\/\/cc.eurohpc.pl\/index.php\/wp-json\/wp\/v2\/pages"}],"about":[{"href":"https:\/\/cc.eurohpc.pl\/index.php\/wp-json\/wp\/v2\/types\/page"}],"author":[{"embeddable":true,"href":"https:\/\/cc.eurohpc.pl\/index.php\/wp-json\/wp\/v2\/users\/5"}],"replies":[{"embeddable":true,"href":"https:\/\/cc.eurohpc.pl\/index.php\/wp-json\/wp\/v2\/comments?post=5425"}],"version-history":[{"count":10,"href":"https:\/\/cc.eurohpc.pl\/index.php\/wp-json\/wp\/v2\/pages\/5425\/revisions"}],"predecessor-version":[{"id":5457,"href":"https:\/\/cc.eurohpc.pl\/index.php\/wp-json\/wp\/v2\/pages\/5425\/revisions\/5457"}],"wp:attachment":[{"href":"https:\/\/cc.eurohpc.pl\/index.php\/wp-json\/wp\/v2\/media?parent=5425"}],"curies":[{"name":"wp","href":"https:\/\/api.w.org\/{rel}","templated":true}]}}