{"id":5230,"date":"2022-04-29T07:07:43","date_gmt":"2022-04-29T07:07:43","guid":{"rendered":"https:\/\/cc.eurohpc.pl\/?page_id=5230"},"modified":"2023-03-10T10:28:55","modified_gmt":"2023-03-10T10:28:55","slug":"szkolenie-openfoam2","status":"publish","type":"page","link":"https:\/\/cc.eurohpc.pl\/index.php\/szkolenie-openfoam2\/","title":{"rendered":"Szkolenie-OpenFOAM2"},"content":{"rendered":"\t\t<div data-elementor-type=\"wp-page\" data-elementor-id=\"5230\" class=\"elementor elementor-5230\" data-elementor-post-type=\"page\">\n\t\t\t\t\t\t<section class=\"elementor-section elementor-top-section elementor-element elementor-element-36ac930 elementor-section-boxed elementor-section-height-default elementor-section-height-default\" data-id=\"36ac930\" data-element_type=\"section\" data-e-type=\"section\" data-settings=\"{&quot;background_background&quot;:&quot;classic&quot;}\">\n\t\t\t\t\t\t<div class=\"elementor-container elementor-column-gap-default\">\n\t\t\t\t\t<div class=\"elementor-column elementor-col-100 elementor-top-column elementor-element elementor-element-2c7bbee\" data-id=\"2c7bbee\" data-element_type=\"column\" data-e-type=\"column\">\n\t\t\t<div class=\"elementor-widget-wrap elementor-element-populated\">\n\t\t\t\t\t\t<section class=\"elementor-section elementor-inner-section elementor-element elementor-element-72b31e3 elementor-section-boxed elementor-section-height-default elementor-section-height-default\" data-id=\"72b31e3\" data-element_type=\"section\" data-e-type=\"section\">\n\t\t\t\t\t\t<div class=\"elementor-container elementor-column-gap-default\">\n\t\t\t\t\t<div class=\"elementor-column elementor-col-50 elementor-inner-column elementor-element elementor-element-d7010a6\" data-id=\"d7010a6\" data-element_type=\"column\" data-e-type=\"column\">\n\t\t\t<div class=\"elementor-widget-wrap elementor-element-populated\">\n\t\t\t\t\t\t<div class=\"elementor-element elementor-element-74adf07 elementor-view-default elementor-widget elementor-widget-icon\" data-id=\"74adf07\" data-element_type=\"widget\" data-e-type=\"widget\" data-widget_type=\"icon.default\">\n\t\t\t\t\t\t\t<div class=\"elementor-icon-wrapper\">\n\t\t\t<div class=\"elementor-icon\">\n\t\t\t<svg aria-hidden=\"true\" class=\"e-font-icon-svg e-fas-square\" viewBox=\"0 0 448 512\" xmlns=\"http:\/\/www.w3.org\/2000\/svg\"><path d=\"M400 32H48C21.5 32 0 53.5 0 80v352c0 26.5 21.5 48 48 48h352c26.5 0 48-21.5 48-48V80c0-26.5-21.5-48-48-48z\"><\/path><\/svg>\t\t\t<\/div>\n\t\t<\/div>\n\t\t\t\t\t\t<\/div>\n\t\t\t\t\t<\/div>\n\t\t<\/div>\n\t\t\t\t<div class=\"elementor-column elementor-col-50 elementor-inner-column elementor-element elementor-element-6ab83ca\" data-id=\"6ab83ca\" data-element_type=\"column\" data-e-type=\"column\">\n\t\t\t<div class=\"elementor-widget-wrap elementor-element-populated\">\n\t\t\t\t\t\t<div class=\"elementor-element elementor-element-9c017af elementor-widget elementor-widget-heading\" data-id=\"9c017af\" data-element_type=\"widget\" data-e-type=\"widget\" data-widget_type=\"heading.default\">\n\t\t\t\t\t<h2 class=\"elementor-heading-title elementor-size-default\">Wst\u0119p do prowadzenia oblicze\u0144 numerycznych przy wykorzystaniu OpenFOAM,\n                                                                                28 kwietnia 2022 r.<\/h2>\t\t\t\t<\/div>\n\t\t\t\t\t<\/div>\n\t\t<\/div>\n\t\t\t\t\t<\/div>\n\t\t<\/section>\n\t\t\t\t\t<\/div>\n\t\t<\/div>\n\t\t\t\t\t<\/div>\n\t\t<\/section>\n\t\t\t\t<section class=\"elementor-section elementor-top-section elementor-element elementor-element-8ec5c66 elementor-section-boxed elementor-section-height-default elementor-section-height-default\" data-id=\"8ec5c66\" data-element_type=\"section\" data-e-type=\"section\">\n\t\t\t\t\t\t<div class=\"elementor-container elementor-column-gap-default\">\n\t\t\t\t\t<div class=\"elementor-column elementor-col-100 elementor-top-column elementor-element elementor-element-2edc3cc\" data-id=\"2edc3cc\" data-element_type=\"column\" data-e-type=\"column\">\n\t\t\t<div class=\"elementor-widget-wrap elementor-element-populated\">\n\t\t\t\t\t\t<div class=\"elementor-element elementor-element-01aab04 elementor-widget elementor-widget-text-editor\" data-id=\"01aab04\" data-element_type=\"widget\" data-e-type=\"widget\" data-widget_type=\"text-editor.default\">\n\t\t\t\t\t\t\t\t\t<p>Szkolenie jest przeznaczone dla u\u017cytkownik\u00f3w OpenFOAM, kt\u00f3rzy nie wykonywali jeszcze oblicze\u0144 w tym programie. OpenFOAM jest darmowym, stale rozwijanym oprogramowaniem do tworzenia symulacji CFD (ang. Computational Fluid Dynamics \u2013 obliczeniowej mechaniki p\u0142yn\u00f3w). Wyk\u0142ad poprowadzi<a href=\"http:\/\/fluid.itcmp.pwr.wroc.pl\/~pblasiak\/index.html\"> dr in\u017c. Przemys\u0142aw B\u0142asiak<\/a> z Politechniki Wroc\u0142awskiej (Wydzia\u0142 Mechaniczno-Energetyczny, Katedra Termodynamiki i Odnawialnych \u0179r\u00f3de\u0142 Energii).&nbsp;<\/p>\n<p><strong>W programie:<\/strong><\/p>\n<p>Wst\u0119p do oblicze\u0144 na przyk\u0142adzie przep\u0142ywu we wn\u0119ce (lid-driven cavity)<br>Tworzenie siatki numerycznej przy wykorzystaniu narz\u0119dzia blockMesh<br>Przygotowanie symulacji numerycznej<br>Wizualizacja wynik\u00f3w za pomoc\u0105 ParaView oraz narz\u0119dzi OpenFOAM.<\/p>\n<p><strong>Termin:<\/strong> czwartek, 28 kwietnia 2022 r. o godz. 11.00<br><strong>Czas trwania:<\/strong> 3 godziny <br><strong>Forma:<\/strong> online, za pomoc\u0105 platformy Zoom<br><strong>Prelegent:<\/strong> dr in\u017c. Przemys\u0142aw B\u0142asiak <br><strong>Organizator:<\/strong> WCSS<br><strong>Rejestracja: <\/strong><strong><a href=\"https:\/\/conf.e-science.pl\/e\/EuroCC-OpenFOAM2\">https:\/\/conf.e-science.pl\/e\/EuroCC-OpenFOAM2<\/a> <br><\/strong><\/p>\t\t\t\t\t\t\t\t<\/div>\n\t\t\t\t\t<\/div>\n\t\t<\/div>\n\t\t\t\t\t<\/div>\n\t\t<\/section>\n\t\t\t\t<\/div>\n\t\t","protected":false},"excerpt":{"rendered":"<p>Wst\u0119p do prowadzenia oblicze\u0144 numerycznych przy wykorzystaniu OpenFOAM, 28 kwietnia 2022 r. Szkolenie jest przeznaczone dla u\u017cytkownik\u00f3w OpenFOAM, kt\u00f3rzy nie wykonywali jeszcze oblicze\u0144 w tym programie. OpenFOAM jest darmowym, stale rozwijanym oprogramowaniem do tworzenia symulacji CFD (ang. Computational Fluid Dynamics \u2013 obliczeniowej mechaniki p\u0142yn\u00f3w). Wyk\u0142ad poprowadzi dr in\u017c. Przemys\u0142aw B\u0142asiak z Politechniki Wroc\u0142awskiej (Wydzia\u0142 Mechaniczno-Energetyczny,&hellip;&nbsp;<a href=\"https:\/\/cc.eurohpc.pl\/index.php\/szkolenie-openfoam2\/\" rel=\"bookmark\">Dowiedz si\u0119 wi\u0119cej &raquo;<span class=\"screen-reader-text\">Szkolenie-OpenFOAM2<\/span><\/a><\/p>\n","protected":false},"author":5,"featured_media":0,"parent":0,"menu_order":0,"comment_status":"closed","ping_status":"closed","template":"page-templates\/template-pagebuilder-full-width.php","meta":{"_monsterinsights_skip_tracking":false,"_monsterinsights_sitenote_active":false,"_monsterinsights_sitenote_note":"","_monsterinsights_sitenote_category":0,"neve_meta_sidebar":"","neve_meta_container":"","neve_meta_enable_content_width":"","neve_meta_content_width":0,"neve_meta_title_alignment":"","neve_meta_author_avatar":"","neve_post_elements_order":"","neve_meta_disable_header":"","neve_meta_disable_footer":"","neve_meta_disable_title":"","footnotes":""},"class_list":["post-5230","page","type-page","status-publish","hentry"],"_links":{"self":[{"href":"https:\/\/cc.eurohpc.pl\/index.php\/wp-json\/wp\/v2\/pages\/5230","targetHints":{"allow":["GET"]}}],"collection":[{"href":"https:\/\/cc.eurohpc.pl\/index.php\/wp-json\/wp\/v2\/pages"}],"about":[{"href":"https:\/\/cc.eurohpc.pl\/index.php\/wp-json\/wp\/v2\/types\/page"}],"author":[{"embeddable":true,"href":"https:\/\/cc.eurohpc.pl\/index.php\/wp-json\/wp\/v2\/users\/5"}],"replies":[{"embeddable":true,"href":"https:\/\/cc.eurohpc.pl\/index.php\/wp-json\/wp\/v2\/comments?post=5230"}],"version-history":[{"count":10,"href":"https:\/\/cc.eurohpc.pl\/index.php\/wp-json\/wp\/v2\/pages\/5230\/revisions"}],"predecessor-version":[{"id":5250,"href":"https:\/\/cc.eurohpc.pl\/index.php\/wp-json\/wp\/v2\/pages\/5230\/revisions\/5250"}],"wp:attachment":[{"href":"https:\/\/cc.eurohpc.pl\/index.php\/wp-json\/wp\/v2\/media?parent=5230"}],"curies":[{"name":"wp","href":"https:\/\/api.w.org\/{rel}","templated":true}]}}