{"id":5000,"date":"2022-03-28T09:07:29","date_gmt":"2022-03-28T09:07:29","guid":{"rendered":"https:\/\/cc.eurohpc.pl\/?page_id=5000"},"modified":"2023-03-10T10:28:54","modified_gmt":"2023-03-10T10:28:54","slug":"szkolenie-gamess-gaussian","status":"publish","type":"page","link":"https:\/\/cc.eurohpc.pl\/index.php\/szkolenie-gamess-gaussian\/","title":{"rendered":"szkolenie gamess gaussian"},"content":{"rendered":"\t\t<div data-elementor-type=\"wp-page\" data-elementor-id=\"5000\" class=\"elementor elementor-5000\" data-elementor-post-type=\"page\">\n\t\t\t\t\t\t<section class=\"elementor-section elementor-top-section elementor-element elementor-element-f7fe320 elementor-section-boxed elementor-section-height-default elementor-section-height-default\" data-id=\"f7fe320\" data-element_type=\"section\" data-e-type=\"section\">\n\t\t\t\t\t\t<div class=\"elementor-container elementor-column-gap-default\">\n\t\t\t\t\t<div class=\"elementor-column elementor-col-100 elementor-top-column elementor-element elementor-element-615abca\" data-id=\"615abca\" data-element_type=\"column\" data-e-type=\"column\">\n\t\t\t<div class=\"elementor-widget-wrap\">\n\t\t\t\t\t\t\t<\/div>\n\t\t<\/div>\n\t\t\t\t\t<\/div>\n\t\t<\/section>\n\t\t\t\t<section class=\"elementor-section elementor-top-section elementor-element elementor-element-2e7f6d1 elementor-section-boxed elementor-section-height-default elementor-section-height-default\" data-id=\"2e7f6d1\" data-element_type=\"section\" data-e-type=\"section\">\n\t\t\t\t\t\t<div class=\"elementor-container elementor-column-gap-default\">\n\t\t\t\t\t<div class=\"elementor-column elementor-col-100 elementor-top-column elementor-element elementor-element-931c548\" data-id=\"931c548\" data-element_type=\"column\" data-e-type=\"column\">\n\t\t\t<div class=\"elementor-widget-wrap elementor-element-populated\">\n\t\t\t\t\t\t<div class=\"elementor-element elementor-element-fa33253 elementor-widget elementor-widget-heading\" data-id=\"fa33253\" data-element_type=\"widget\" data-e-type=\"widget\" data-widget_type=\"heading.default\">\n\t\t\t\t\t<h2 class=\"elementor-heading-title elementor-size-default\">Szkolenie: Obliczenia metodami chemii kwantowej: programy Gamess i Gaussian \n- przyk\u0142ady zastosowa\u0144 w projektowaniu nowych materia\u0142\u00f3w funkcjonalnych\n<\/h2>\t\t\t\t<\/div>\n\t\t\t\t<div class=\"elementor-element elementor-element-33c5549 elementor-widget elementor-widget-text-editor\" data-id=\"33c5549\" data-element_type=\"widget\" data-e-type=\"widget\" data-widget_type=\"text-editor.default\">\n\t\t\t\t\t\t\t\t\t<p>Szkolenie <strong>Obliczenia metodami chemii kwantowej: programy Gamess i Gaussian &#8211; przyk\u0142ady zastosowa\u0144 w projektowaniu nowych materia\u0142\u00f3w funkcjonalnych<\/strong>, poprowadzi <strong>dr hab. Maciej Bobrowski<\/strong>, prof. uczelni w Instytucie Nanotechnologii i In\u017cynierii Materia\u0142owej na Wydziale Fizyki Technicznej i Matematyki Stosowanej Politechniki Gda\u0144skiej przedstawi og\u00f3lne idee metod chemii kwantowej (z punktu widzenia praktyka) oraz przyk\u0142ady ich zastosowania przy projektowaniu nowych materia\u0142\u00f3w funkcjonalnych:<\/p><ol><li style=\"list-style-type: none;\"><ul><li>polimer\u00f3w osadzanych z fazy gazowej w metodzie LPCVD (ang. Low Pressure Chemical Vapor Deposition),<\/li><li>ciek\u0142ych materia\u0142\u00f3w termoelektrycznych.<\/li><\/ul><\/li><\/ol><p>Om\u00f3wi te\u017c badanie struktury elektronowej i uwzgl\u0119dnianie jej w obliczeniach, ale r\u00f3wnie\u017c analizie tej struktury i wyci\u0105ganiu stosownych wniosk\u00f3w.<\/p><p>W czasie szkolenia prowadz\u0105cy przedstawi liczne przyk\u0142ady u\u017cycia oprogramowania Gamess i Gaussian, w tym metody wykorzystywania tych program\u00f3w na superkomputerze Tryton. Przedstawione zostan\u0105 te\u017c przyk\u0142ady prowadzenia oblicze\u0144 r\u00f3\u017cnymi metodami chemii kwantowej, zaczynaj\u0105c od metod Hartree-Focka i ko\u0144cz\u0105c na metodach wielokonfiguracyjnych z obliczeniami poprawek metodami perturbacyjnymi, a tak\u017ce metoda graficznej wizualizacji uzyskiwanych wynik\u00f3w.<\/p><p><strong>Agenda szkolenia<\/strong>:<\/p><ul><li style=\"text-align: left;\">10.00\u201310.15 Przedstawienie si\u0119. Om\u00f3wienie planu szkolenia i kwestii organizacyjnych.<\/li><li>10.15\u201312.00 Prezentacja zastosowa\u0144 metod chemii kwantowej w badaniach nowych materia\u0142\u00f3w funkcjonalnych i ich wykorzystania w nowatorskich urz\u0105dzeniach tj. elastyczne soczewki dostrajalne oparte o ciecze, konwertery zamieniaj\u0105ce ciep\u0142o w energi\u0119 elektryczn\u0105. Relacja pomi\u0119dzy zastosowaniami materia\u0142\u00f3w, budowanymi modelami obliczeniowymi oraz mo\u017cliwo\u015bciami metod kwantowych i oprogramowania.<\/li><li>12.00\u201312.15 Przerwa.<\/li><li>12.15\u201314.00 Szkolenie w formie prezentacji przyk\u0142ad\u00f3w oblicze\u0144 wykonywanych ,,on the fly\u201d z poziomu komputera PC (pod systemem Linuks) z zadaniami uruchamianymi na superkomputerze Tryton CI TASK, oraz dalszej analizy uzyskiwanych danych, r\u00f3wnie\u017c z przyk\u0142adami rozwi\u0105zywania typowych problem\u00f3w obliczeniowych napotykanych w trakcie wykonywania oblicze\u0144. Przedstawione zostan\u0105 przyk\u0142adowe rozwi\u0105zania stosowane w obliczeniach przy pomocy program\u00f3w Gamess i Gaussian. Dodatkowe om\u00f3wienie bie\u017c\u0105cych mo\u017cliwo\u015bci obliczeniowych program\u00f3w Gamess i Gaussian<\/li><\/ul><p><strong><br \/>Prowadz\u0105cy szkolenie<\/strong>: dr hab. Maciej Bobrowski, profesor uczelni w Instytucie Nanotechnologii i In\u017cynierii Materia\u0142owej na Wydziale Fizyki Technicznej i Matematyki Stosowanej Politechniki Gda\u0144skiej.<\/p><p><strong>Termin<\/strong>: 16 maja 2022, godz. 10.00\u201314.00<strong>.<\/strong><\/p><p><strong>Wymagania<\/strong>: Komputer z przegl\u0105dark\u0105 internetow\u0105. Szkolenie odb\u0119dzie si\u0119 poprzez MS Teams.<\/p><p><strong>Miejsce<\/strong>: Szkolenie on-line, link do spotkania zostanie przes\u0142any drog\u0105 mailow\u0105 na 3 dni przed szkoleniem.<\/p><p><strong>Organizator<\/strong>: Centrum Informatyczne TASK. Szkolenie organizowane jest w ramach Narodowego Centra Kompetencji HPC.<\/p><p><strong>Rejestracja<\/strong>: Zg\u0142oszenie zawieraj\u0105ce imi\u0119, nazwisko oraz afiliacje (jednostk\u0119 naukow\u0105\/firm\u0119\/organizacj\u0119) prosimy przes\u0142a\u0107 na adres mailowy <strong><a href=\"mailto:kdm@task.gda.pl\">kdm@task.gda.pl<\/a><\/strong>.<\/p>\t\t\t\t\t\t\t\t<\/div>\n\t\t\t\t\t<\/div>\n\t\t<\/div>\n\t\t\t\t\t<\/div>\n\t\t<\/section>\n\t\t\t\t<\/div>\n\t\t","protected":false},"excerpt":{"rendered":"<p>Szkolenie: Obliczenia metodami chemii kwantowej: programy Gamess i Gaussian &#8211; przyk\u0142ady zastosowa\u0144 w projektowaniu nowych materia\u0142\u00f3w funkcjonalnych Szkolenie Obliczenia metodami chemii kwantowej: programy Gamess i Gaussian &#8211; przyk\u0142ady zastosowa\u0144 w projektowaniu nowych materia\u0142\u00f3w funkcjonalnych, poprowadzi dr hab. Maciej Bobrowski, prof. uczelni w Instytucie Nanotechnologii i In\u017cynierii Materia\u0142owej na Wydziale Fizyki Technicznej i Matematyki Stosowanej Politechniki&hellip;&nbsp;<a href=\"https:\/\/cc.eurohpc.pl\/index.php\/szkolenie-gamess-gaussian\/\" rel=\"bookmark\">Dowiedz si\u0119 wi\u0119cej &raquo;<span class=\"screen-reader-text\">szkolenie gamess gaussian<\/span><\/a><\/p>\n","protected":false},"author":5,"featured_media":0,"parent":0,"menu_order":0,"comment_status":"closed","ping_status":"closed","template":"page-templates\/template-pagebuilder-full-width.php","meta":{"_monsterinsights_skip_tracking":false,"_monsterinsights_sitenote_active":false,"_monsterinsights_sitenote_note":"","_monsterinsights_sitenote_category":0,"neve_meta_sidebar":"","neve_meta_container":"","neve_meta_enable_content_width":"","neve_meta_content_width":0,"neve_meta_title_alignment":"","neve_meta_author_avatar":"","neve_post_elements_order":"","neve_meta_disable_header":"","neve_meta_disable_footer":"","neve_meta_disable_title":"","footnotes":""},"class_list":["post-5000","page","type-page","status-publish","hentry"],"_links":{"self":[{"href":"https:\/\/cc.eurohpc.pl\/index.php\/wp-json\/wp\/v2\/pages\/5000","targetHints":{"allow":["GET"]}}],"collection":[{"href":"https:\/\/cc.eurohpc.pl\/index.php\/wp-json\/wp\/v2\/pages"}],"about":[{"href":"https:\/\/cc.eurohpc.pl\/index.php\/wp-json\/wp\/v2\/types\/page"}],"author":[{"embeddable":true,"href":"https:\/\/cc.eurohpc.pl\/index.php\/wp-json\/wp\/v2\/users\/5"}],"replies":[{"embeddable":true,"href":"https:\/\/cc.eurohpc.pl\/index.php\/wp-json\/wp\/v2\/comments?post=5000"}],"version-history":[{"count":10,"href":"https:\/\/cc.eurohpc.pl\/index.php\/wp-json\/wp\/v2\/pages\/5000\/revisions"}],"predecessor-version":[{"id":5013,"href":"https:\/\/cc.eurohpc.pl\/index.php\/wp-json\/wp\/v2\/pages\/5000\/revisions\/5013"}],"wp:attachment":[{"href":"https:\/\/cc.eurohpc.pl\/index.php\/wp-json\/wp\/v2\/media?parent=5000"}],"curies":[{"name":"wp","href":"https:\/\/api.w.org\/{rel}","templated":true}]}}