{"id":4251,"date":"2021-10-22T13:04:18","date_gmt":"2021-10-22T13:04:18","guid":{"rendered":"https:\/\/cc.eurohpc.pl\/?page_id=4251"},"modified":"2023-03-10T10:29:06","modified_gmt":"2023-03-10T10:29:06","slug":"zapraszamy-na-konferencje-o-lumi","status":"publish","type":"page","link":"https:\/\/cc.eurohpc.pl\/index.php\/zapraszamy-na-konferencje-o-lumi\/","title":{"rendered":"Zapraszamy na konferencj\u0119 o LUMI"},"content":{"rendered":"\t\t<div data-elementor-type=\"wp-page\" data-elementor-id=\"4251\" class=\"elementor elementor-4251\" data-elementor-post-type=\"page\">\n\t\t\t\t\t\t<section class=\"elementor-section elementor-top-section elementor-element elementor-element-6313619 elementor-section-boxed elementor-section-height-default elementor-section-height-default\" data-id=\"6313619\" data-element_type=\"section\" data-e-type=\"section\">\n\t\t\t\t\t\t<div class=\"elementor-container elementor-column-gap-default\">\n\t\t\t\t\t<div class=\"elementor-column elementor-col-50 elementor-top-column elementor-element elementor-element-9b3d087\" data-id=\"9b3d087\" data-element_type=\"column\" data-e-type=\"column\">\n\t\t\t<div class=\"elementor-widget-wrap elementor-element-populated\">\n\t\t\t\t\t\t<div class=\"elementor-element elementor-element-7b8d9fe elementor-view-default elementor-widget elementor-widget-icon\" data-id=\"7b8d9fe\" data-element_type=\"widget\" data-e-type=\"widget\" data-widget_type=\"icon.default\">\n\t\t\t\t\t\t\t<div class=\"elementor-icon-wrapper\">\n\t\t\t<div class=\"elementor-icon\">\n\t\t\t<svg xmlns=\"http:\/\/www.w3.org\/2000\/svg\" xmlns:xlink=\"http:\/\/www.w3.org\/1999\/xlink\" id=\"Warstwa_1\" x=\"0px\" y=\"0px\" viewBox=\"0 0 33.4 33.4\" style=\"enable-background:new 0 0 33.4 33.4;\" xml:space=\"preserve\"><style type=\"text\/css\">\t.st0{clip-path:url(#SVGID_00000171679583106730634940000013181733006509725352_);fill:#AA8523;}<\/style><g>\t<defs>\t\t<rect id=\"SVGID_1_\" x=\"0.02\" y=\"0.02\" width=\"33.35\" height=\"33.34\"><\/rect>\t<\/defs>\t<clipPath id=\"SVGID_00000168798427900812650010000009531222509368400519_\">\t\t<use xlink:href=\"#SVGID_1_\" style=\"overflow:visible;\"><\/use>\t<\/clipPath>\t<path style=\"clip-path:url(#SVGID_00000168798427900812650010000009531222509368400519_);fill:#AA8523;\" d=\"M33.37,16.69  c0-2.91-0.76-5.79-2.22-8.3c-0.19-0.32-0.59-0.43-0.91-0.24C29.92,8.33,29.81,8.73,30,9.05c1.33,2.31,2.03,4.96,2.03,7.64  c0,8.47-6.88,15.34-15.34,15.34c-8.46,0-15.34-6.88-15.34-15.34c0-8.46,6.88-15.34,15.34-15.34c3.56,0,7.04,1.25,9.78,3.52  c0.29,0.23,0.71,0.2,0.94-0.08c0.23-0.29,0.2-0.71-0.09-0.94c-2.99-2.47-6.75-3.82-10.63-3.82C7.5,0.02,0.02,7.51,0.02,16.69  c0,9.19,7.48,16.67,16.67,16.67S33.36,25.88,33.37,16.69 M10.64,14.91h2.49v2.49h-2.49V14.91z M10.64,18.11h2.49v2.5h-2.49V18.11z   M10.64,21.31h2.49v2.49h-2.49V21.31z M13.85,14.91h2.49v2.49h-2.49V14.91z M13.85,18.11h2.49v2.5h-2.49V18.11z M13.85,21.31h2.49  v2.49h-2.49V21.31z M17.05,14.91h2.5v2.49h-2.5V14.91z M17.05,18.11h2.5v2.5h-2.5V18.11z M17.05,21.31h2.5v2.49h-2.5V21.31z   M20.25,14.91h2.49v2.49h-2.49V14.91z M20.25,18.11h2.49v2.5h-2.49V18.11z M20.25,21.31h2.49v2.49h-2.49V21.31z M9.93,24.52h13.52  V14.2h-3.91H9.93V24.52z M20.61,8.15v1.07c0,0.19,0.16,0.35,0.35,0.35h2.49c0.2,0,0.36-0.16,0.36-0.35V8.15h2.13v3.2H7.44v-3.2  h2.13v1.07c0,0.19,0.16,0.35,0.36,0.35h2.49c0.2,0,0.36-0.16,0.36-0.35V8.15H20.61z M12.07,8.86h-1.78V6.73h1.78V8.86z M7.44,12.06  h18.5v14.59H7.44V12.06z M23.1,8.86h-1.78V6.73h1.78V8.86z M20.61,6.37v1.07h-7.82V6.37c0-0.19-0.16-0.35-0.36-0.35H9.93  c-0.19,0-0.36,0.16-0.36,0.35v1.07H7.09c-0.19,0-0.35,0.16-0.35,0.36v19.21c0,0.19,0.16,0.35,0.35,0.35H26.3  c0.19,0,0.36-0.16,0.36-0.35V7.8c0-0.19-0.16-0.36-0.36-0.36h-2.49V6.37c0-0.19-0.16-0.35-0.36-0.35h-2.49  C20.77,6.02,20.61,6.18,20.61,6.37\"><\/path><\/g><\/svg>\t\t\t<\/div>\n\t\t<\/div>\n\t\t\t\t\t\t<\/div>\n\t\t\t\t\t<\/div>\n\t\t<\/div>\n\t\t\t\t<div class=\"elementor-column elementor-col-50 elementor-top-column elementor-element elementor-element-ac31064\" data-id=\"ac31064\" data-element_type=\"column\" data-e-type=\"column\">\n\t\t\t<div class=\"elementor-widget-wrap elementor-element-populated\">\n\t\t\t\t\t\t<div class=\"elementor-element elementor-element-1ded11d elementor-widget elementor-widget-heading\" data-id=\"1ded11d\" data-element_type=\"widget\" data-e-type=\"widget\" data-widget_type=\"heading.default\">\n\t\t\t\t\t<h2 class=\"elementor-heading-title elementor-size-default\">ZAPRASZAMY NA KONFERENCJ\u0118 O LUMI<\/h2>\t\t\t\t<\/div>\n\t\t\t\t\t<\/div>\n\t\t<\/div>\n\t\t\t\t\t<\/div>\n\t\t<\/section>\n\t\t\t\t<section class=\"elementor-section elementor-top-section elementor-element elementor-element-bf53d43 elementor-section-boxed elementor-section-height-default elementor-section-height-default\" data-id=\"bf53d43\" data-element_type=\"section\" data-e-type=\"section\">\n\t\t\t\t\t\t<div class=\"elementor-container elementor-column-gap-default\">\n\t\t\t\t\t<div class=\"elementor-column elementor-col-100 elementor-top-column elementor-element elementor-element-6de590c\" data-id=\"6de590c\" data-element_type=\"column\" data-e-type=\"column\">\n\t\t\t<div class=\"elementor-widget-wrap elementor-element-populated\">\n\t\t\t\t\t\t<div class=\"elementor-element elementor-element-ec5c57a elementor-widget elementor-widget-text-editor\" data-id=\"ec5c57a\" data-element_type=\"widget\" data-e-type=\"widget\" data-widget_type=\"text-editor.default\">\n\t\t\t\t\t\t\t\t\t<p>LUMI, czyli <em>The Large Unified Modern Infrastructure<\/em> (Wielka Zunifikowana i Nowoczesna Infrastruktura) to obecnie najszybszy superkomputer w Europie i jeden z najszybszych na \u015bwiecie. Stworzy\u0142o go konsorcjum w sk\u0142adzie: Finlandia, Belgia, Czechy, Dania, Estonia, Islandia, Norwegia, Polska, Szwecja i Szwajcaria. LUMI nie jest jeszcze w pe\u0142ni uruchomiony, ale rozpocz\u0105\u0142 ju\u017c prac\u0119. Polscy naukowcy r\u00f3wnie\u017c mog\u0105 ju\u017c korzysta\u0107 z gigantycznej mocy obliczeniowej tego klastra za po\u015brednictwem Narodowego Centrum Kompetencji. Szczeg\u00f3\u0142y mog\u0105 Pa\u0144stwo pozna\u0107 podczas konferencji \u201eSuperkomputer LUMI i jego potencja\u0142 dla polskich naukowc\u00f3w\u201d, kt\u00f3ra odb\u0119dzie si\u0119 online w poniedzia\u0142ek, 20 pa\u017adziernika 2021 w godzinach 10.00\u201314.00. Podczas tego spotkania zostanie zaprezentowany superkomputer LUMI, a tak\u017ce mo\u017cliwo\u015bci jego zastosowania. W\u015br\u00f3d zagadnie\u0144, kt\u00f3re b\u0119d\u0105 omawiane, s\u0105 mi\u0119dzy innymi:<br \/>\u2022 miejsce LUMI w europejskiej inicjatywie EuroHPC JU,<br \/>\u2022 budowa superkomputera i powi\u0105zanej infrastruktury,<br \/>\u2022 oprogramowanie w \u015brodowisku przedeksaskalowym,<br \/>\u2022 naukowe wyzwania, na kt\u00f3re b\u0119dzie mo\u017cna odpowiedzie\u0107 dzi\u0119ki LUMI,<br \/>\u2022 projekty wytypowane do uruchomienia w fazie testowej,<br \/>\u2022 wsparcie u\u017cytkownika.<br \/>W\u015br\u00f3d prelegent\u00f3w znajd\u0105 si\u0119 mi\u0119dzy innymi: dyrektor LUMI \u2013 dr Pekka Manninen, zwyci\u0119zcy 1. etapu polskiego konkursu na pilota\u017cowe granty obliczeniowe (CPU) oraz przedstawiciel LUMI User Support Group.Wydarzenie odb\u0119dzie si\u0119 online, za po\u015brednictwem platformy Zoom. Program konferencji oraz formularz rejestracyjny znajduj\u0105 si\u0119 na stronie: <a href=\"https:\/\/events.plgrid.pl\/e\/lumi\"><strong>https:\/\/events.plgrid.pl\/e\/lumi<\/strong><\/a>. Serdecznie zapraszamy wszystkich zainteresowanych!<\/p>\t\t\t\t\t\t\t\t<\/div>\n\t\t\t\t\t<\/div>\n\t\t<\/div>\n\t\t\t\t\t<\/div>\n\t\t<\/section>\n\t\t\t\t<\/div>\n\t\t","protected":false},"excerpt":{"rendered":"<p>ZAPRASZAMY NA KONFERENCJ\u0118 O LUMI LUMI, czyli The Large Unified Modern Infrastructure (Wielka Zunifikowana i Nowoczesna Infrastruktura) to obecnie najszybszy superkomputer w Europie i jeden z najszybszych na \u015bwiecie. Stworzy\u0142o go konsorcjum w sk\u0142adzie: Finlandia, Belgia, Czechy, Dania, Estonia, Islandia, Norwegia, Polska, Szwecja i Szwajcaria. LUMI nie jest jeszcze w pe\u0142ni uruchomiony, ale rozpocz\u0105\u0142 ju\u017c&hellip;&nbsp;<a href=\"https:\/\/cc.eurohpc.pl\/index.php\/zapraszamy-na-konferencje-o-lumi\/\" rel=\"bookmark\">Dowiedz si\u0119 wi\u0119cej &raquo;<span class=\"screen-reader-text\">Zapraszamy na konferencj\u0119 o LUMI<\/span><\/a><\/p>\n","protected":false},"author":5,"featured_media":0,"parent":0,"menu_order":0,"comment_status":"closed","ping_status":"closed","template":"page-templates\/template-pagebuilder-full-width.php","meta":{"_monsterinsights_skip_tracking":false,"_monsterinsights_sitenote_active":false,"_monsterinsights_sitenote_note":"","_monsterinsights_sitenote_category":0,"neve_meta_sidebar":"","neve_meta_container":"","neve_meta_enable_content_width":"","neve_meta_content_width":0,"neve_meta_title_alignment":"","neve_meta_author_avatar":"","neve_post_elements_order":"","neve_meta_disable_header":"","neve_meta_disable_footer":"","neve_meta_disable_title":"","footnotes":""},"class_list":["post-4251","page","type-page","status-publish","hentry"],"_links":{"self":[{"href":"https:\/\/cc.eurohpc.pl\/index.php\/wp-json\/wp\/v2\/pages\/4251","targetHints":{"allow":["GET"]}}],"collection":[{"href":"https:\/\/cc.eurohpc.pl\/index.php\/wp-json\/wp\/v2\/pages"}],"about":[{"href":"https:\/\/cc.eurohpc.pl\/index.php\/wp-json\/wp\/v2\/types\/page"}],"author":[{"embeddable":true,"href":"https:\/\/cc.eurohpc.pl\/index.php\/wp-json\/wp\/v2\/users\/5"}],"replies":[{"embeddable":true,"href":"https:\/\/cc.eurohpc.pl\/index.php\/wp-json\/wp\/v2\/comments?post=4251"}],"version-history":[{"count":7,"href":"https:\/\/cc.eurohpc.pl\/index.php\/wp-json\/wp\/v2\/pages\/4251\/revisions"}],"predecessor-version":[{"id":4264,"href":"https:\/\/cc.eurohpc.pl\/index.php\/wp-json\/wp\/v2\/pages\/4251\/revisions\/4264"}],"wp:attachment":[{"href":"https:\/\/cc.eurohpc.pl\/index.php\/wp-json\/wp\/v2\/media?parent=4251"}],"curies":[{"name":"wp","href":"https:\/\/api.w.org\/{rel}","templated":true}]}}