{"id":11658,"date":"2024-08-22T12:06:44","date_gmt":"2024-08-22T12:06:44","guid":{"rendered":"https:\/\/cc.eurohpc.pl\/?page_id=11658"},"modified":"2025-07-31T12:02:15","modified_gmt":"2025-07-31T12:02:15","slug":"fortissimo-plus","status":"publish","type":"page","link":"https:\/\/cc.eurohpc.pl\/index.php\/fortissimo-plus\/","title":{"rendered":"Fortissimo Plus"},"content":{"rendered":"\t\t<div data-elementor-type=\"wp-page\" data-elementor-id=\"11658\" class=\"elementor elementor-11658\" data-elementor-post-type=\"page\">\n\t\t\t\t<div class=\"elementor-element elementor-element-41da8af e-flex e-con-boxed e-con e-parent\" data-id=\"41da8af\" data-element_type=\"container\" data-e-type=\"container\">\n\t\t\t\t\t<div class=\"e-con-inner\">\n\t\t<div class=\"elementor-element elementor-element-76b20b5 e-con-full e-flex e-con e-child\" data-id=\"76b20b5\" data-element_type=\"container\" data-e-type=\"container\">\n\t\t\t\t<div class=\"elementor-element elementor-element-097a848 elementor-widget elementor-widget-heading\" data-id=\"097a848\" data-element_type=\"widget\" data-e-type=\"widget\" data-widget_type=\"heading.default\">\n\t\t\t\t\t<h2 class=\"elementor-heading-title elementor-size-default\">Dost\u0119p do HPC z projektu Fortissimo Plus<\/h2>\t\t\t\t<\/div>\n\t\t\t\t<\/div>\n\t\t\t\t\t<\/div>\n\t\t\t\t<\/div>\n\t\t<div class=\"elementor-element elementor-element-706c406 e-flex e-con-boxed e-con e-parent\" data-id=\"706c406\" data-element_type=\"container\" data-e-type=\"container\">\n\t\t\t\t\t<div class=\"e-con-inner\">\n\t\t<div class=\"elementor-element elementor-element-5ee08ab e-con-full e-flex e-con e-child\" data-id=\"5ee08ab\" data-element_type=\"container\" data-e-type=\"container\">\n\t\t\t\t<div class=\"elementor-element elementor-element-8a00b20 elementor-widget elementor-widget-text-editor\" data-id=\"8a00b20\" data-element_type=\"widget\" data-e-type=\"widget\" data-widget_type=\"text-editor.default\">\n\t\t\t\t\t\t\t\t\t<p><strong><span style=\"color: #aa8523;\"><a style=\"color: #aa8523;\" href=\"https:\/\/www.ffplus-project.eu\/en\/\" target=\"_blank\" rel=\"noopener\">FORTISSIMO PLUS (FFplus<\/a>)<\/span> to europejska inicjatywa, wspieraj\u0105ca wdra\u017canie oblicze\u0144 o wysokiej wydajno\u015bci (HPC) i sztucznej inteligencji (AI)\u00a0 przez M\u015aP i start-upy w ca\u0142ej Europie.\u00a0<\/strong><\/p><p>Zakres dzia\u0142a\u0144 obejmuje rozwi\u0105zywanie wyzwa\u0144 biznesowych za pomoc\u0105 metod obliczeniowych w systemach HPC, oraz wykorzystanie zasob\u00f3w superkomputer\u00f3w do opracowywania (generatywnych) rozwi\u0105za\u0144 i us\u0142ug w zakresie oprogramowania sztucznej inteligencji (AI). Metody obliczeniowe obejmuj\u0105 szeroki zakres: modelowanie i symulacj\u0119, analiz\u0119 danych, uczenie maszynowe i sztuczn\u0105 inteligencj\u0119 &#8211; wszystkie opcje wzmacniaj\u0105 pozycj\u0119 M\u015aP poprzez zwi\u0119kszon\u0105 innowacyjno\u015b\u0107 i konkurencyjno\u015b\u0107. Strategicznym celem wykorzystania superkomputer\u00f3w do generatywnej sztucznej inteligencji jest u\u0142atwienie i wzmocnienie rozwoju technologicznego europejskich M\u015aP w tym wa\u017cnym obszarze.<\/p>\t\t\t\t\t\t\t\t<\/div>\n\t\t\t\t<\/div>\n\t\t\t\t\t<\/div>\n\t\t\t\t<\/div>\n\t\t<div class=\"elementor-element elementor-element-2217fce e-flex e-con-boxed e-con e-parent\" data-id=\"2217fce\" data-element_type=\"container\" data-e-type=\"container\">\n\t\t\t\t\t<div class=\"e-con-inner\">\n\t\t<div class=\"elementor-element elementor-element-14303b8 e-con-full e-flex e-con e-child\" data-id=\"14303b8\" data-element_type=\"container\" data-e-type=\"container\">\n\t\t\t\t<div class=\"elementor-element elementor-element-39b232b elementor-widget elementor-widget-image\" data-id=\"39b232b\" data-element_type=\"widget\" data-e-type=\"widget\" data-widget_type=\"image.default\">\n\t\t\t\t\t\t\t\t\t\t\t\t\t\t\t\t<a href=\"https:\/\/www.ffplus-project.eu\/en\/open-call\/innovation-studies\/\" target=\"_blank\">\n\t\t\t\t\t\t\t<img fetchpriority=\"high\" decoding=\"async\" width=\"960\" height=\"500\" src=\"https:\/\/cc.eurohpc.pl\/wp-content\/uploads\/2024\/08\/FFplus_web-banner-innovation-studies_wide.png\" class=\"attachment-large size-large wp-image-11662\" alt=\"\" srcset=\"https:\/\/cc.eurohpc.pl\/wp-content\/uploads\/2024\/08\/FFplus_web-banner-innovation-studies_wide.png 960w, https:\/\/cc.eurohpc.pl\/wp-content\/uploads\/2024\/08\/FFplus_web-banner-innovation-studies_wide-300x156.png 300w, https:\/\/cc.eurohpc.pl\/wp-content\/uploads\/2024\/08\/FFplus_web-banner-innovation-studies_wide-768x400.png 768w\" sizes=\"(max-width: 960px) 100vw, 960px\" \/>\t\t\t\t\t\t\t\t<\/a>\n\t\t\t\t\t\t\t\t\t\t\t\t\t\t\t<\/div>\n\t\t\t\t<\/div>\n\t\t<div class=\"elementor-element elementor-element-8aa3be9 e-con-full e-flex e-con e-child\" data-id=\"8aa3be9\" data-element_type=\"container\" data-e-type=\"container\">\n\t\t\t\t<div class=\"elementor-element elementor-element-6dca73a elementor-widget elementor-widget-image\" data-id=\"6dca73a\" data-element_type=\"widget\" data-e-type=\"widget\" data-widget_type=\"image.default\">\n\t\t\t\t\t\t\t\t\t\t\t\t\t\t\t\t<a href=\"https:\/\/www.ffplus-project.eu\/en\/open-call\/business-experiments\/\" target=\"_blank\">\n\t\t\t\t\t\t\t<img decoding=\"async\" width=\"960\" height=\"500\" src=\"https:\/\/cc.eurohpc.pl\/wp-content\/uploads\/2024\/08\/FFplus_web-banner-business_experiment_wide.png\" class=\"attachment-large size-large wp-image-11661\" alt=\"\" srcset=\"https:\/\/cc.eurohpc.pl\/wp-content\/uploads\/2024\/08\/FFplus_web-banner-business_experiment_wide.png 960w, https:\/\/cc.eurohpc.pl\/wp-content\/uploads\/2024\/08\/FFplus_web-banner-business_experiment_wide-300x156.png 300w, https:\/\/cc.eurohpc.pl\/wp-content\/uploads\/2024\/08\/FFplus_web-banner-business_experiment_wide-768x400.png 768w\" sizes=\"(max-width: 960px) 100vw, 960px\" \/>\t\t\t\t\t\t\t\t<\/a>\n\t\t\t\t\t\t\t\t\t\t\t\t\t\t\t<\/div>\n\t\t\t\t<\/div>\n\t\t\t\t\t<\/div>\n\t\t\t\t<\/div>\n\t\t<div class=\"elementor-element elementor-element-bca92ed e-flex e-con-boxed e-con e-parent\" data-id=\"bca92ed\" data-element_type=\"container\" data-e-type=\"container\">\n\t\t\t\t\t<div class=\"e-con-inner\">\n\t\t<div class=\"elementor-element elementor-element-7612f0f e-con-full e-flex e-con e-child\" data-id=\"7612f0f\" data-element_type=\"container\" data-e-type=\"container\">\n\t\t\t\t<div class=\"elementor-element elementor-element-4c1ffed elementor-widget elementor-widget-text-editor\" data-id=\"4c1ffed\" data-element_type=\"widget\" data-e-type=\"widget\" data-widget_type=\"text-editor.default\">\n\t\t\t\t\t\t\t\t\t<p>M\u015aP i start-upy maj\u0105 mo\u017cliwo\u015b\u0107 zwi\u0119kszenia swojego potencja\u0142u innowacyjnego dzi\u0119ki dw\u00f3m rodzajom otwartych nabor\u00f3w:<\/p><p><b>Eksperymenty biznesowe <\/b>dotycz\u0105 wykorzystania HPC przez M\u015aP, kt\u00f3re wcze\u015bniej nie korzysta\u0142y z infrastruktur superkomputerowych ani nie mia\u0142y z nimi do\u015bwiadczenia. Celem dzia\u0142ania jest rozwi\u0105zanie konkretnych wyzwa\u0144 biznesowych.Przewidywany czas trwania eksperyment\u00f3w: maksymalnie 15 miesi\u0119cy z planowanym rozpocz\u0119ciem 1 stycznia 2025 r.<br \/>Orientacyjny ca\u0142kowity bud\u017cet finansowania dla wszystkich podprojekt\u00f3w finansowanych w ramach niniejszego naboru wynosi 4 mln euro.<br \/><span style=\"color: #aa8523;\"><a style=\"color: #aa8523;\" href=\"https:\/\/www.ffplus-project.eu\/en\/open-call\/business-experiments\/\"><b>Informacje i zg\u0142oszenia<\/b><\/a><\/span><\/p><p><strong>Termin zg\u0142osze\u0144<\/strong>: 26 sierpnia, godz. 17.00 (CEST)<\/p><p><b>Badania nad innowacjami<\/b> b\u0119d\u0105 wspiera\u0107 europejskie M\u015aP i start-upy kt\u00f3re s\u0105 ju\u017c aktywne w dziedzinie technologii generatywnej sztucznej inteligencji, ale brakuje im niezb\u0119dnych zasob\u00f3w obliczeniowych do zwi\u0119kszenia skali dzia\u0142alno\u015bci. Przewidywany czas trwania eksperyment\u00f3w: maksymalnie 10 miesi\u0119cy z planowanym rozpocz\u0119ciem 1 grudnia 2024 r. <br \/>Orientacyjny ca\u0142kowity bud\u017cet finansowania dla wszystkich podprojekt\u00f3w finansowanych w ramach niniejszego naboru wynosi 4 mln euro.<br \/><a href=\"https:\/\/www.ffplus-project.eu\/en\/open-call\/innovation-studies\/\"><b><span style=\"color: #aa8523;\">Informacje i zg\u0142oszenia<\/span><\/b><\/a><\/p><p><br \/><span style=\"color: #aa8523;\"><a style=\"color: #aa8523;\" href=\"https:\/\/www.ffplus-project.eu\/en\/success-stories\/\" target=\"_blank\" rel=\"noopener\">Zach\u0119camy do zapoznania si\u0119 z opisami eksperyment\u00f3w zrealizowanymi\u00a0 w poprzednich edycjach projektu Fortissimo.<\/a><\/span><\/p>\t\t\t\t\t\t\t\t<\/div>\n\t\t\t\t<\/div>\n\t\t\t\t\t<\/div>\n\t\t\t\t<\/div>\n\t\t<div class=\"elementor-element elementor-element-f59727d e-con-full e-flex e-con e-parent\" data-id=\"f59727d\" data-element_type=\"container\" data-e-type=\"container\">\n\t\t<div class=\"elementor-element elementor-element-69e18bf e-con-full e-flex e-con e-child\" data-id=\"69e18bf\" data-element_type=\"container\" data-e-type=\"container\">\n\t\t\t\t<div class=\"elementor-element elementor-element-428aac0 elementor-widget__width-inherit elementor-widget elementor-widget-image\" data-id=\"428aac0\" data-element_type=\"widget\" data-e-type=\"widget\" data-widget_type=\"image.default\">\n\t\t\t\t\t\t\t\t\t\t\t\t\t\t\t\t<a href=\"https:\/\/www.ffplus-project.eu\/en\/open-call\/business-experiments\/\">\n\t\t\t\t\t\t\t<img decoding=\"async\" width=\"1200\" height=\"200\" src=\"https:\/\/cc.eurohpc.pl\/wp-content\/uploads\/2024\/08\/FFplus_web-banner-business_experiment_narrow.png\" class=\"attachment-full size-full wp-image-11659\" alt=\"\" srcset=\"https:\/\/cc.eurohpc.pl\/wp-content\/uploads\/2024\/08\/FFplus_web-banner-business_experiment_narrow.png 1200w, https:\/\/cc.eurohpc.pl\/wp-content\/uploads\/2024\/08\/FFplus_web-banner-business_experiment_narrow-300x50.png 300w, https:\/\/cc.eurohpc.pl\/wp-content\/uploads\/2024\/08\/FFplus_web-banner-business_experiment_narrow-1024x171.png 1024w, https:\/\/cc.eurohpc.pl\/wp-content\/uploads\/2024\/08\/FFplus_web-banner-business_experiment_narrow-768x128.png 768w\" sizes=\"(max-width: 1200px) 100vw, 1200px\" \/>\t\t\t\t\t\t\t\t<\/a>\n\t\t\t\t\t\t\t\t\t\t\t\t\t\t\t<\/div>\n\t\t\t\t<\/div>\n\t\t\t\t<\/div>\n\t\t<div class=\"elementor-element elementor-element-6781254 e-con-full e-flex e-con e-parent\" data-id=\"6781254\" data-element_type=\"container\" data-e-type=\"container\">\n\t\t<div class=\"elementor-element elementor-element-9e344f5 e-con-full e-flex e-con e-child\" data-id=\"9e344f5\" data-element_type=\"container\" data-e-type=\"container\">\n\t\t\t\t<div class=\"elementor-element elementor-element-d46bbd6 elementor-widget__width-inherit elementor-widget elementor-widget-image\" data-id=\"d46bbd6\" data-element_type=\"widget\" data-e-type=\"widget\" data-widget_type=\"image.default\">\n\t\t\t\t\t\t\t\t\t\t\t\t\t\t\t\t<a href=\"https:\/\/www.ffplus-project.eu\/en\/open-call\/innovation-studies\/\" target=\"_blank\">\n\t\t\t\t\t\t\t<img loading=\"lazy\" decoding=\"async\" width=\"1201\" height=\"200\" src=\"https:\/\/cc.eurohpc.pl\/wp-content\/uploads\/2024\/08\/FFplus_web-banner-innovation-studies_narrow.png\" class=\"attachment-full size-full wp-image-11660\" alt=\"\" srcset=\"https:\/\/cc.eurohpc.pl\/wp-content\/uploads\/2024\/08\/FFplus_web-banner-innovation-studies_narrow.png 1201w, https:\/\/cc.eurohpc.pl\/wp-content\/uploads\/2024\/08\/FFplus_web-banner-innovation-studies_narrow-300x50.png 300w, https:\/\/cc.eurohpc.pl\/wp-content\/uploads\/2024\/08\/FFplus_web-banner-innovation-studies_narrow-1024x171.png 1024w, https:\/\/cc.eurohpc.pl\/wp-content\/uploads\/2024\/08\/FFplus_web-banner-innovation-studies_narrow-768x128.png 768w\" sizes=\"(max-width: 1201px) 100vw, 1201px\" \/>\t\t\t\t\t\t\t\t<\/a>\n\t\t\t\t\t\t\t\t\t\t\t\t\t\t\t<\/div>\n\t\t\t\t<\/div>\n\t\t\t\t<\/div>\n\t\t\t\t<\/div>\n\t\t","protected":false},"excerpt":{"rendered":"<p>Dost\u0119p do HPC z projektu Fortissimo Plus FORTISSIMO PLUS (FFplus) to europejska inicjatywa, wspieraj\u0105ca wdra\u017canie oblicze\u0144 o wysokiej wydajno\u015bci (HPC) i sztucznej inteligencji (AI)\u00a0 przez M\u015aP i start-upy w ca\u0142ej Europie.\u00a0 Zakres dzia\u0142a\u0144 obejmuje rozwi\u0105zywanie wyzwa\u0144 biznesowych za pomoc\u0105 metod obliczeniowych w systemach HPC, oraz wykorzystanie zasob\u00f3w superkomputer\u00f3w do opracowywania (generatywnych) rozwi\u0105za\u0144 i us\u0142ug w&hellip;&nbsp;<a href=\"https:\/\/cc.eurohpc.pl\/index.php\/fortissimo-plus\/\" rel=\"bookmark\">Dowiedz si\u0119 wi\u0119cej &raquo;<span class=\"screen-reader-text\">Fortissimo Plus<\/span><\/a><\/p>\n","protected":false},"author":5,"featured_media":0,"parent":0,"menu_order":0,"comment_status":"closed","ping_status":"closed","template":"page-templates\/template-pagebuilder-full-width.php","meta":{"_monsterinsights_skip_tracking":false,"_monsterinsights_sitenote_active":false,"_monsterinsights_sitenote_note":"","_monsterinsights_sitenote_category":0,"neve_meta_sidebar":"","neve_meta_container":"","neve_meta_enable_content_width":"","neve_meta_content_width":0,"neve_meta_title_alignment":"","neve_meta_author_avatar":"","neve_post_elements_order":"","neve_meta_disable_header":"","neve_meta_disable_footer":"","neve_meta_disable_title":"","footnotes":""},"class_list":["post-11658","page","type-page","status-publish","hentry"],"_links":{"self":[{"href":"https:\/\/cc.eurohpc.pl\/index.php\/wp-json\/wp\/v2\/pages\/11658","targetHints":{"allow":["GET"]}}],"collection":[{"href":"https:\/\/cc.eurohpc.pl\/index.php\/wp-json\/wp\/v2\/pages"}],"about":[{"href":"https:\/\/cc.eurohpc.pl\/index.php\/wp-json\/wp\/v2\/types\/page"}],"author":[{"embeddable":true,"href":"https:\/\/cc.eurohpc.pl\/index.php\/wp-json\/wp\/v2\/users\/5"}],"replies":[{"embeddable":true,"href":"https:\/\/cc.eurohpc.pl\/index.php\/wp-json\/wp\/v2\/comments?post=11658"}],"version-history":[{"count":23,"href":"https:\/\/cc.eurohpc.pl\/index.php\/wp-json\/wp\/v2\/pages\/11658\/revisions"}],"predecessor-version":[{"id":12837,"href":"https:\/\/cc.eurohpc.pl\/index.php\/wp-json\/wp\/v2\/pages\/11658\/revisions\/12837"}],"wp:attachment":[{"href":"https:\/\/cc.eurohpc.pl\/index.php\/wp-json\/wp\/v2\/media?parent=11658"}],"curies":[{"name":"wp","href":"https:\/\/api.w.org\/{rel}","templated":true}]}}